e
Is 2035 a factor of 1411710640?
False
Is 14763947 a multiple of 999?
False
Is 300934520 a multiple of 2680?
True
Is 30 a factor of 3035333400?
True
Does 52 divide 127413884?
True
Is 6936369 a multiple of 33?
True
Does 50 divide 814390?
False
Does 295 divide 11786550?
False
Is 17866633 a multiple of 7?
False
Is 856556423 a multiple of 8?
False
Is 1466644620 a multiple of 1484?
True
Is 2046 a factor of 286794114?
False
Is 2667 a factor of 37049196?
False
Does 843 divide 8062452?
True
Is 39628389 a multiple of 169?
False
Does 102 divide 37377696?
True
Is 9556363 a multiple of 32?
False
Is 56 a factor of 38211121?
False
Is 115 a factor of 30127355?
True
Is 26 a factor of 223889941?
False
Is 150527020 a multiple of 14?
True
Does 33 divide 33348678?
True
Does 31 divide 422370284?
False
Is 29 a factor of 36036476?
False
Is 42088083 a multiple of 641?
False
Is 32793368 a multiple of 334?
False
Is 8 a factor of 32230456?
True
Is 51 a factor of 20492259?
True
Is 26 a factor of 347146322?
False
Does 715 divide 49387910?
True
Is 14758622 a multiple of 30?
False
Does 12 divide 1735722804?
True
Is 10 a factor of 43484106?
False
Is 482492124 a multiple of 12?
True
Does 14 divide 169509704?
True
Does 9 divide 1184956191?
True
Is 1603 a factor of 384959502?
False
Is 24 a factor of 18082488?
True
Does 38 divide 1347831006?
True
Is 3 a factor of 9980944?
False
Is 2688773938 a multiple of 342?
False
Does 386 divide 3580652?
False
Is 3852647402 a multiple of 16148?
False
Does 11 divide 579053771?
False
Is 25457389 a multiple of 23?
True
Does 6 divide 292844044?
False
Is 89991218 a multiple of 812?
False
Does 533 divide 1112677672?
False
Is 10 a factor of 16307055?
False
Is 37 a factor of 92027917?
True
Is 10002580 a multiple of 70?
True
Is 59 a factor of 111333472?
True
Is 287186796 a multiple of 426?
False
Is 129009884 a multiple of 1909?
False
Does 8 divide 21199107?
False
Is 4363 a factor of 820815553?
True
Is 3890701820 a multiple of 4947?
False
Is 383706400 a multiple of 11?
True
Does 542 divide 507485982?
True
Is 5418724 a multiple of 1232?
False
Is 205644322 a multiple of 61?
False
Is 274 a factor of 32910140?
True
Is 720 a factor of 7330681?
False
Is 127 a factor of 202768300?
False
Does 292 divide 543277313?
False
Is 5764 a factor of 4773277916?
True
Does 7237 divide 6938025056?
True
Is 180508482 a multiple of 51?
True
Does 135 divide 109233491?
False
Does 115 divide 1291664475?
True
Does 6 divide 68330232?
True
Is 693 a factor of 29037393?
True
Does 378 divide 3447005?
False
Is 2382006005 a multiple of 261?
False
Does 4816 divide 421900844?
False
Does 13 divide 4014101000?
True
Is 381848636 a multiple of 14950?
False
Is 1735 a factor of 63514880?
True
Is 479 a factor of 115003514?
False
Is 575961573 a multiple of 209?
True
Is 135 a factor of 36633054?
False
Does 94 divide 370744660?
False
Is 98 a factor of 153783056?
False
Is 3 a factor of 106214370?
True
Does 1481 divide 29116460?
True
Is 57620112 a multiple of 33?
True
Does 430 divide 551946475?
False
Is 768 a factor of 48888450?
False
Is 2631 a factor of 1260203853?
False
Does 1072 divide 805780592?
True
Does 7 divide 15042334?
False
Does 170 divide 25490298?
False
Is 31997385 a multiple of 785?
True
Is 25 a factor of 968507314?
False
Is 102 a factor of 395911?
False
Does 959 divide 52347015?
True
Is 195001786 a multiple of 643?
False
Is 1406286535 a multiple of 1061?
True
Is 2833 a factor of 28511312?
True
Is 20500331 a multiple of 779?
False
Is 16 a factor of 274518753?
False
Is 15 a factor of 45573784?
False
Is 79007047 a multiple of 166?
False
Does 1020 divide 1000916854?
False
Does 386 divide 494603802?
True
Is 1878436641 a multiple of 44?
False
Does 704 divide 1484227371?
False
Is 1118364 a multiple of 12?
True
Does 137 divide 6308439?
True
Is 1495570216 a multiple of 1288?
True
Is 55 a factor of 4206109?
False
Is 44 a factor of 988220678?
False
Does 24 divide 47010465?
False
Is 1059429501 a multiple of 1730?
False
Is 154169680 a multiple of 7?
True
Is 26 a factor of 6605048?
False
Does 16 divide 1222052752?
True
Is 529664515 a multiple of 732?
False
Does 21 divide 400901193?
True
Is 77 a factor of 14723324?
True
Is 519 a factor of 92321607?
False
Is 121 a factor of 572115147?
False
Is 38 a factor of 402973508?
True
Is 222572060 a multiple of 9?
False
Is 647 a factor of 57093852?
False
Is 9513322 a multiple of 2?
True
Does 1118 divide 31070338?
True
Does 377 divide 214597448?
True
Is 883531731 a multiple of 12?
False
Is 5526156 a multiple of 34?
True
Is 794 a factor of 6542103374?
False
Is 985282969 a multiple of 15?
False
Is 58687706 a multiple of 29?
True
Does 195 divide 1585099412?
False
Does 476 divide 15615180?
True
Does 20 divide 1941091200?
True
Is 21236219 a multiple of 168?
False
Is 432225770 a multiple of 13?
False
Does 44 divide 117673990?
False
Is 285 a factor of 25952505?
False
Does 1408 divide 6545965502?
False
Is 6 a factor of 98316313?
False
Does 8 divide 157208?
True
Is 6 a factor of 504198068?
False
Does 138 divide 42423021?
False
Is 13794179 a multiple of 5?
False
Does 270 divide 7482351?
False
Does 580 divide 286705600?
True
Does 678 divide 571449480?
False
Does 1149 divide 904312407?
True
Is 6 a factor of 20902720?
False
Does 4611 divide 1710708666?
True
Is 46 a factor of 3493332799?
False
Is 175 a factor of 53171769?
False
Is 1348268 a multiple of 97?
False
Is 439 a factor of 1288685045?
False
Is 17 a factor of 167486585?
False
Is 171125038 a multiple of 14?
True
Is 1624 a factor of 128716848?
False
Does 1423 divide 176423540?
True
Is 1440 a factor of 166836451?
False
Does 6 divide 127151601?
False
Does 575 divide 5866644598?
False
Is 181175638 a multiple of 41?
True
Does 48 divide 442853894?
False
Is 591814307 a multiple of 74?
False
Is 12 a factor of 549505942?
False
Is 83 a factor of 5275148?
True
Is 6 a factor of 25819170?
True
Is 5602 a factor of 2638016909?
False
Does 175 divide 19573225?
True
Is 18035784 a multiple of 191?
False
Is 15 a factor of 6012576?
False
Does 13 divide 52268502?
True
Is 36 a factor of 117874934?
False
Does 52 divide 222690884?
True
Does 4 divide 19021224?
True
Is 70 a factor of 1255647608?
False
Does 51 divide 125079191?
False
Is 2269 a factor of 31842881?
False
Is 142467284 a multiple of 1122?
False
Is 140687179 a multiple of 419?
False
Is 199 a factor of 589507541?
False
Is 1624 a factor of 66924453?
False
Is 1419920333 a multiple of 76?
False
Does 4 divide 38903500?
True
Does 416 divide 44572002?
False
Does 460 divide 226203633?
False
Is 19 a factor of 1609451715?
True
Is 115 a factor of 26934155?
False
Is 347411184 a multiple of 277?
True
Is 180771140 a multiple of 367?
False
Is 300112543 a multiple of 17?
True
Is 89382915 even?
False
Is 75 a factor of 19486425?
True
Does 1442 divide 40869158?
False
Does 4038 divide 847551972?
True
Is 219 a factor of 3855245561?
False
Is 174 a factor of 136476339?
False
Is 74 a factor of 471777898?
True
Is 8 a factor of 30474040?
True
Is 28228977 a multiple of 261?
True
Is 9780194 a multiple of 345?
False
Does 9 divide 582411?
False
Is 11 a factor of 4074475?
False
Is 2050396915 a multiple of 7805?
True
Is 926386548 a multiple of 106?
False
Is 40 a factor of 1128910?
False
Does 33 divide 225160461?
False
Is 16591019 a multiple of 8?
False
Is 12939696 a multiple of 1512?
True
Does 851 divide 603338576?
True
Is 1183 a factor of 9839011?
True
Does 30 divide 530046089?
False
Is 1003 a factor of 53477153?
False
Is 153 a factor of 71661784?
False
Does 5 divide 32203690?
True
Is 7 a factor of 71751608?
False
Is 1930 a factor of 344058097?
False
Does 42 divide 14900749?
False
Is 366184683 a multiple of 50?
False
Does 19 divide 2336895614?
True
Is 309989552 a multiple of 24?
False
Does 139 divide 238456029?
True
Is 39535695 a multiple of 235?
True
Does 381 divide 212603163?
False
Is 789 a factor of 58474674?
False
Is 129 a factor of 2061409035?
True
Does 12 divide 15664548?
True
Is 189 a factor of 23041557?
True
Is 48786528 a multiple of 456?
True
Is 4312618684 a multiple of 12?
False
Is 86999518 a multiple of 19?
True
Is 72 a factor of 243656568?
True
Is 19519276 a multiple of 1162?
True
Is 114951296 a multiple of 8?
True
Is 135467618 a multiple of 286?
True
Is 2183 a factor of 18985392?
False
Does 144 divi